 47 + -3582c?
-357c5
In base 6, what is 4 + 10125002?
10125010
In base 8, what is -100 + -1211573?
-1211673
In base 3, what is 2012 + 2120222221?
2121002010
In base 6, what is 3 - 114134020?
-114134013
In base 15, what is -5a7037 + -89?
-5a70c1
In base 16, what is -2 + -f53c8?
-f53ca
In base 16, what is -7 - 5b3878?
-5b387f
In base 12, what is 1 + 1803863?
1803864
In base 3, what is 110102210000020222 - 2?
110102210000020220
In base 10, what is 3 + -37510413?
-37510410
In base 14, what is 400ca - c?
400bc
In base 16, what is -117 + 57efe?
57de7
In base 4, what is 12303213020203 - 10?
12303213020133
In base 4, what is 13031012311 + 122?
13031013033
In base 3, what is -12121201000201121 + 12?
-12121201000201102
In base 11, what is -2 + -73550aa?
-7355101
In base 3, what is -2111120022 - -1012?
-2111112010
In base 8, what is -1050033 - 147?
-1050202
In base 9, what is 10 + -13572657?
-13572647
In base 7, what is -110303110 + 5?
-110303102
In base 10, what is 45879291 - -7?
45879298
In base 2, what is 1110010100101 - 111111010101100?
-110001000000111
In base 12, what is 0 + -328009b?
-328009b
In base 14, what is -14a3 - -876?
-a2b
In base 8, what is 76 + 2673455?
2673553
In base 10, what is 2528371 + -3?
2528368
In base 6, what is 22 + -3255002?
-3254540
In base 8, what is -454007 + -12?
-454021
In base 2, what is -101011111000001001000 - 1000110?
-101011111000010001110
In base 14, what is 15c7 - -433?
1a1a
In base 2, what is -11101111100110111 - -11010110?
-11101111001100001
In base 15, what is -30655ed5 - 4?
-30655ed9
In base 3, what is -22201 - -10110110100?
10110010122
In base 7, what is -20 + -22564402?
-22564422
In base 8, what is -76700635 + -6?
-76700643
In base 15, what is -c5 + 10258?
10183
In base 2, what is 101010 - -1110101011110111101?
1110101011111100111
In base 7, what is 34502 - 3205?
31264
In base 12, what is 104196b1 + 2?
104196b3
In base 6, what is 4 - 154104353?
-154104345
In base 12, what is 65b + -a8a11?
-a8372
In base 2, what is 100 + 1010010001000000101011001?
1010010001000000101011101
In base 12, what is -5 + 4040a996?
4040a991
In base 14, what is -a60386 + -10?
-a60396
In base 5, what is 114410 - 2113243?
-1443333
In base 3, what is -1 - -122222222220101?
122222222220100
In base 16, what is -2b + -39de50?
-39de7b
In base 13, what is 379a4c62 + 7?
379a4c69
In base 15, what is -3 + 19b033?
19b030
In base 4, what is -1012013312 + 1231?
-1012012021
In base 5, what is -24202233 - -2204?
-24200024
In base 15, what is -14 - -c5d98?
c5d84
In base 7, what is -164 - 1316556?
-1320053
In base 6, what is 2541450353 - 15?
2541450334
In base 2, what is 10010 + 10111110001101101101011?
10111110001101101111101
In base 3, what is 0 - -101120222021110?
101120222021110
In base 6, what is 5 + 235303545?
235303554
In base 5, what is -22322302400 - -3?
-22322302342
In base 4, what is 2 - -102010131322?
102010131330
In base 3, what is 122201102000121010 + -10?
122201102000121000
In base 14, what is 18 + -2a9b4dc?
-2a9b4c4
In base 9, what is 578 + 58536?
60225
In base 15, what is 6b487 + -24?
6b463
In base 10, what is 17 - -247494?
247511
In base 11, what is -3 - 7001a7?
-7001aa
In base 16, what is 36e3f + -36?
36e09
In base 5, what is -344141 + 2411030?
2011334
In base 14, what is -5 + -724879c?
-72487a3
In base 6, what is -413531 + 322?
-413205
In base 2, what is 10010101011011110110010011 - -10?
10010101011011110110010101
In base 5, what is -1 + 124311433?
124311432
In base 3, what is 101010210212 + 102?
101010211021
In base 8, what is -1720 - -2326?
406
In base 13, what is -b - 35656c7?
-3565705
In base 4, what is 13211013 - -132202?
20003221
In base 2, what is 1010101011010 - -100010111101011101?
100100010010110111
In base 9, what is 3532640 + 40?
3532680
In base 3, what is 1112112121 - -112102?
1120002000
In base 7, what is -215243530 + -3?
-215243533
In base 8, what is 1310060442 - 3?
1310060437
In base 10, what is -9416 - 2484?
-11900
In base 9, what is -83240 - -5852?
-76277
In base 8, what is -1423203 + 1105?
-1422076
In base 7, what is 6411152 + 21?
6411203
In base 13, what is 275980 - -9?
275989
In base 6, what is -13555 + 443545?
425550
In base 8, what is -71414652 + -6?
-71414660
In base 10, what is -2560338 - -3?
-2560335
In base 10, what is 1664 - 30638?
-28974
In base 9, what is 224610062 + 0?
224610062
In base 4, what is -121000 + -11100?
-132100
In base 10, what is -21272161 - -4?
-21272157
In base 6, what is -21 + 20324355?
20324334
In base 3, what is -11110 - 121010102?
-121021212
In base 2, what is 0 + 1000100011100010101001?
1000100011100010101001
In base 15, what is -26 + -1ba4a?
-1ba71
In base 6, what is -11332425 + 2?
-11332423
In base 11, what is -300a30 + 275?
-300766
In base 16, what is 9dd - -3340?
3d1d
In base 7, what is -10630565150 - 1?
-10630565151
In base 9, what is 18 - 363575?
-363556
In base 16, what is 162d + 9a4?
1fd1
In base 7, what is -1362 - -66434?
65042
In base 5, what is 3303 - 244010?
-240202
In base 2, what is 11101011101100100110110 + -11?
11101011101100100110011
In base 6, what is -4 - -31442552353?
31442552345
In base 4, what is 1 - -120301303300?
120301303301
In base 2, what is -11110100011010 - -101110101?
-11101110100101
In base 11, what is -164a653 + -7?
-164a65a
In base 4, what is 1103212110123 - -23?
1103212110212
In base 6, what is 4 + -1321225240?
-1321225232
In base 14, what is -3 - 2cb7b06?
-2cb7b09
In base 13, what is -32c + 935?
606
In base 5, what is -1031243 - -13331?
-1012412
In base 9, what is -118288 + 32452?
-75736
In base 6, what is 3 - -3433515051?
3433515054
In base 12, what is 2 - -71092a?
710930
In base 2, what is -1001011000011 + 1001011001?
-1000001101010
In base 14, what is -151493 + 28?
-151469
In base 2, what is -10011010011111111101 - 11111?
-10011010100000011100
In base 7, what is -30 + -103166113?
-103166143
In base 5, what is 23424404 - -2242?
23432201
In base 3, what is -1102 - -120011221001?
120011212122
In base 2, what is -1001001001 + -100000110000001011101?
-100000110001010100110
In base 3, what is -2120022002121021 - -11?
-2120022002121010
In base 13, what is 3a6 + -a5873?
-a549a
In base 3, what is 11 + 2201022021212?
2201022022000
In base 9, what is -1053335 + -74?
-1053420
In base 9, what is -11 - -271418628?
271418617
In base 16, what is -5 + 113bb25?
113bb20
In base 11, what is 0 - 90a42290?
-90a42290
In base 7, what is -14062420 - -34?
-14062353
In base 13, what is -236ca25 - -2?
-236ca23
In base 11, what is -4442782 + 117?
-4442666
In base 14, what is -21 - -11d261?
11d240
In base 14, what is 2c24737 - -5?
2c2473c
In base 10, what is -100591 + 0?
-100591
In base 2, what is -100001010011101 - -100111000?
-100000101100101
In base 5, what is 1413241440 + -1?
1413241434
In base 16, what is 7ee0c - da?
7ed32
In base 6, what is 11342 + -10445005?
-10433223
In base 5, what is 23 - -20101331?
20101404
In base 6, what is 10135540122 + 5?
10135540131
In base 8, what is 1 - -1041361527?
1041361530
In base 8, what is 2 - -171555416?
171555420
In base 3, what is -1102020110021110222 - -11?
-1102020110021110211
In base 10, what is -146189910 + -3?
-146189913
In base 11, what is -4507595 - -4?
-4507591
In base 7, what is -2 + -145103211?
-145103213
In base 7, what is 5232 + 440?
6002
In base 14, what is -13 + 36d3d?
36d2a
In base 16, what is 6 + -d9385e?
-d93858
In base 10, what is -107930227 - -1?
-107930226
In base 15, what is -1ba5b54 + -4?
-1ba5b58
In base 2, what is -1001000000001010000011101111 + 100?
-1001000000001010000011101011
In base 3, what is 22121200 + -1010122?
21111001
In base 15, what is -8c524d + -38?
-8c5286
In base 8, what is 72046614 + -3?
72046611
In base 15, what is 3 + -27c1365?
-27c1362
In base 5, what is 12413021 - -313?
12413334
In base 15, what is 21 - -2da10b?
2da12c
In base 15, what is 98 - -5b6b9b?
5b6c44
In base 10, what is -3 + -1097684?
-1097687
In base 16, what is f - 1c2412?
-1c2403
In base 9, what is 4224 + 34164?
38388
In base 12, what is -4 - -472ab863?
472ab85b
In base 9, what is -1430574247 - -1?
-1430574246
In base 9, what is -6 + 105480703?
105480686
In base 3, what is -20 - -11222112221?
11222112201
In base 10, what is 1153 + -79980?
-78827
In base 10, what is 28 + -2881374?
-2881346
In base 5, what is 1010001 + 4321?